+ 32413?
32404
In base 12, what is 151 - 77?
96
In base 16, what is -5 - 26c4?
-26c9
In base 5, what is -10 + 2304302?
2304242
In base 6, what is -20240014 + -5?
-20240023
In base 11, what is 2 + 6033?
6035
In base 12, what is 5 - -1b306?
1b30b
In base 7, what is -2424334 - -4?
-2424330
In base 4, what is 31200130 - -1?
31200131
In base 5, what is -1030242403 - 2?
-1030242410
In base 5, what is 32232104 + 10?
32232114
In base 10, what is 2463 - 6?
2457
In base 3, what is -1220201200 - -10121?
-1220121002
In base 11, what is -1690 - 45?
-1725
In base 14, what is 0 - d2506?
-d2506
In base 16, what is -7 + -1a1d?
-1a24
In base 10, what is -20171 + -79?
-20250
In base 3, what is -21021210 + 1001?
-21020202
In base 9, what is 753 - -153?
1016
In base 12, what is -10 + -7218?
-7228
In base 16, what is -5 - -18988?
18983
In base 15, what is 9a + 6a9e?
6b49
In base 10, what is 9 - -721?
730
In base 11, what is 0 - -94779?
94779
In base 12, what is 5 - 179100?
-1790b7
In base 15, what is -32 - 3281?
-32b3
In base 15, what is -76e5 - -32?
-76b3
In base 6, what is -3520 - 12?
-3532
In base 12, what is 571 - -3a?
5ab
In base 16, what is 1f + 39d?
3bc
In base 4, what is 220 - -10001?
10221
In base 3, what is -2121012010 + -10?
-2121012020
In base 13, what is 333 + -7c6?
-493
In base 8, what is -27 - -12356?
12327
In base 11, what is 1056832 + 1?
1056833
In base 15, what is 1 - -da38?
da39
In base 12, what is 5a5 - 22?
583
In base 8, what is 1646 + -53?
1573
In base 9, what is -4784757 - 3?
-4784761
In base 13, what is 38b3 + 46?
3929
In base 7, what is -1 - 33466?
-33500
In base 6, what is -1 - 15002110?
-15002111
In base 2, what is -1010 - -10011010010100?
10011010001010
In base 16, what is -f5 + 4b6?
3c1
In base 11, what is 8604 + 0?
8604
In base 8, what is 4 - -16273?
16277
In base 9, what is -1845 + 651?
-1184
In base 3, what is -2100110 + 222010?
-1101100
In base 8, what is -3 + -32744?
-32747
In base 15, what is -2661 - -159?
-2507
In base 10, what is -2937 - -12?
-2925
In base 9, what is 272471 + -14?
272456
In base 9, what is -41 + -873?
-1024
In base 13, what is 21 + 5595?
55b6
In base 9, what is -74772 - -38?
-74733
In base 7, what is -3 - -41433?
41430
In base 12, what is b59 + 199?
1136
In base 15, what is -3 + d304?
d301
In base 11, what is 3168a + -8?
31682
In base 8, what is -21663 - -6?
-21655
In base 7, what is -150 + -112242?
-112422
In base 3, what is -1221210121 - -11?
-1221210110
In base 12, what is -162 - -49?
-115
In base 16, what is 1f81 - 153?
1e2e
In base 2, what is 100 + -101101011100110?
-101101011100010
In base 5, what is 4000013 - 0?
4000013
In base 16, what is -f + -aa?
-b9
In base 14, what is 1 - -4ddd?
5000
In base 12, what is -29 + -6b9?
-726
In base 15, what is 6614 + b?
6620
In base 8, what is -153 + 1126?
753
In base 4, what is -1 + -20231122112?
-20231122113
In base 16, what is 15 + 61b?
630
In base 13, what is -43 - -86?
43
In base 6, what is 11203 + -2401?
4402
In base 13, what is 2a + 1458?
1485
In base 11, what is 216 - -67?
282
In base 6, what is 345132110 - -4?
345132114
In base 3, what is -1012 + 20201212?
20200200
In base 10, what is 31 - 14?
17
In base 14, what is 0 + 12043?
12043
In base 14, what is 256 + -15?
241
In base 11, what is 29 - 59198?
-5916a
In base 4, what is 32212 - -1021?
33233
In base 14, what is 40 + 5965?
59a5
In base 8, what is 1 + 13525?
13526
In base 6, what is -4 - -13331130?
13331122
In base 3, what is -1001220 - 101?
-1002021
In base 2, what is 100001100111 + -100?
100001100011
In base 8, what is -3017 - -115?
-2702
In base 3, what is 2221110 - 1200?
2212210
In base 10, what is 98514 - 0?
98514
In base 14, what is 21c2d - 0?
21c2d
In base 2, what is -100100001101110 + -1110100?
-100100011100010
In base 15, what is -5 - -2cdb?
2cd6
In base 15, what is -21ce + 3?
-21cb
In base 12, what is 9b + 398?
477
In base 2, what is 100010010011011001 + -100?
100010010011010101
In base 13, what is 4 - -314ba?
314c1
In base 8, what is -135201 + -4?
-135205
In base 14, what is -2b63c - -9?
-2b633
In base 8, what is -102 + -7071?
-7173
In base 6, what is -11440 + 35?
-11401
In base 4, what is -11303203 + 1203?
-11302000
In base 15, what is -d6 - -cd?
-8
In base 7, what is 305262 - -30?
305322
In base 13, what is 312c6 + 4?
312ca
In base 11, what is -5 - 42a6?
-4300
In base 13, what is -3 + 3a911?
3a90b
In base 2, what is -101101 + 1000000?
10011
In base 16, what is -8f - 436?
-4c5
In base 9, what is 6 + -104728?
-104722
In base 5, what is 221 - -1033441?
1034212
In base 11, what is -4 - -516889?
516885
In base 5, what is -24 + 3331031?
3331002
In base 2, what is -1101100010100001011 + 10?
-1101100010100001001
In base 6, what is 31011545 - 1?
31011544
In base 14, what is 2b - -5b45?
5b72
In base 7, what is 3646665 - -1?
3646666
In base 14, what is -5 - 12dc5?
-12dca
In base 5, what is 1032 - -323?
1410
In base 13, what is -1290 + -6?
-1296
In base 14, what is -c4306 - -5?
-c4301
In base 6, what is -43111220 + -4?
-43111224
In base 7, what is -3 - 40612?
-40615
In base 15, what is 8e63 - -2?
8e65
In base 12, what is 51 + 4b?
a0
In base 7, what is -2321 - -466?
-1522
In base 10, what is -725261 + 0?
-725261
In base 6, what is -31313130 + 1?
-31313125
In base 9, what is 45120 + -4?
45115
In base 9, what is 100455 - 5?
100450
In base 6, what is -521551 + 141?
-521410
In base 11, what is 1aa17 + 1?
1aa18
In base 15, what is 687b - 11?
686a
In base 12, what is -40b - 280?
-68b
In base 6, what is 342425 + 4?
342433
In base 3, what is -11 + 220002221110?
220002221022
In base 7, what is 40250052 - -4?
40250056
In base 8, what is -4125 + 4?
-4121
In base 16, what is 1541 + 37?
1578
In base 12, what is 60 + 1a6?
246
In base 5, what is -13 + -3102103?
-3102121
In base 5, what is -30244 + 11?
-30233
In base 5, what is -12 - 103422?
-103434
In base 3, what is 112 - 120201?
-120012
In base 7, what is -10034 + -100?
-10134
In base 10, what is 5 - -266495?
266500
In base 7, what is 4 + 36120?
36124
In base 12, what is a0 - 463?
-383
In base 14, what is -4 + -dab8?
-dabc
In base 13, what is -1 + -7077?
-7078
In base 10, what is -88 - 18418?
-18506
In base 2, what is 1001100 + -1011000100111111?
-1011000011110011
In base 13, what is 2 - -88006?
88008
In base 16, what is 1c + -2e3?
-2c7
In base 11, what is -4 - 23341?
-23345
In base 8, what is 433 - 5245?
-4612
In base 10, what is -88 - 352?
-440
In base 16, what is -8cc - -104?
-7c8
In base 10, what is 525 + -496?
29
In base 4, what is -1322 + -322120?
-330102
In base 4, what is 0 - -213203130?
213203130
In base 11, what is 136 + 8509?
8644
In base 7, what is -502 - -21?
-451
In base 5, what is -33442003 + 2?
-33442001
In base 15, what is 1 - 1e0a2e?
-1e0a2d
In base 14, what is -4d3 - -258?
-279
In base 2, what is 10110100001 - 101010?
10101110111
In base 5, what is 20144 + 1333?
22032
In base 9, what is -1 - 17427?
-17428
In base 9, what is -7 + 130354?
130346
In base 2, what is -1000 - -10011110100001?
10011110011001
In base 16, what is a + 3072?
307c
In base 10, what is -107 - -62?
-45
In base 2, what is 111000100111011 - 101?
111000100110110
In base 16, what is 2f7 + 5?
2fc
In base 5, what is 12 + -203321?
-203304
In base 16, what is 9728 - 4?
9724
In base 7, what is -3 + 140336?
140333
In base 7, what is -33 - -6556?
6523
In base 9, what is -6 + -103427?
-103434
In base 12, what is 4 - -1739?
1741
In base 4, what is -10201 - -2032032?
2021231
In base 6, what is 531553 - -12?
532005
In base 16, what is -290 - 8a2?
-b32
In base 6, what is -101 + 1530?
1425
In base 4, what is -20302220 + -3100?
-20311320
In base 14, what is -198 - -1d?
-179
In base 5, what is 1 + -2120320?
-2120314
In base 10, what is -1051 + 11?
-1040
In base 8, what is 12 - -1256?
1270
In base 2, what is 1101011011 - 1101110?
1011101101
In base 16, what is 397d9 + 7?
397e0
In base 8, what is -46326 - 3?
-46331
In base 16, what is 511 + de?
5ef
In base 8, what is -43 - -472?
427
In base 3, what is 12 + -1020010201?
-1020010112
In base 15, what is -5 + a363?
a35d
In base 14, what is 4412 - -7?
4419
In base 6, what is -4 + 2055230?
2055222
In base 15, what is 15c60 + -28?
15c37
In base 4, what is -13112 - -113202?
100030
In base 9, what is 1 + -2002268?
-2002267
In base 16, what is -5 + -57d8?
-57dd
